{"id":428,"date":"2025-11-12T12:08:24","date_gmt":"2025-11-12T12:08:24","guid":{"rendered":"https:\/\/agoodbook.dk\/?page_id=428"},"modified":"2025-12-14T14:47:11","modified_gmt":"2025-12-14T14:47:11","slug":"om-forlaget","status":"publish","type":"page","link":"https:\/\/agoodbook.dk\/index.php\/om-forlaget\/","title":{"rendered":"Om forlaget"},"content":{"rendered":"\t\t<div data-elementor-type=\"wp-page\" data-elementor-id=\"428\" class=\"elementor elementor-428\">\n\t\t\t\t<div class=\"elementor-element elementor-element-48b949d e-grid e-con-boxed e-con e-parent\" data-id=\"48b949d\" data-element_type=\"container\" data-e-type=\"container\">\n\t\t\t\t\t<div class=\"e-con-inner\">\n\t\t\t\t<div class=\"elementor-element elementor-element-726454e elementor-widget elementor-widget-image\" data-id=\"726454e\" data-element_type=\"widget\" data-e-type=\"widget\" data-widget_type=\"image.default\">\n\t\t\t\t\t\t\t\t\t\t\t\t\t\t\t<img decoding=\"async\" src=\"https:\/\/agoodbook.dk\/wp-content\/uploads\/2025\/11\/Logo-3.png\" title=\"\" alt=\"\" loading=\"lazy\" \/>\t\t\t\t\t\t\t\t\t\t\t\t\t\t\t<\/div>\n\t\t\t\t<div class=\"elementor-element elementor-element-672cfbd elementor-widget elementor-widget-text-editor\" data-id=\"672cfbd\" data-element_type=\"widget\" data-e-type=\"widget\" data-widget_type=\"text-editor.default\">\n\t\t\t\t\t\t\t\t\t<p>A Good Book er et lille privatejet forlag, der indledningsvis er sat i verden for at udgive egne v\u00e6rker.<\/p><p>De b\u00f8ger, der indtil nu er f\u00e6rdiggjorte og de b\u00f8ger, der er p\u00e5 vej, har et stilm\u00e6ssigt f\u00e6lleskende. De er fotob\u00f8ger, der benytter sig af den s\u00e6rlige kvalitet der kan opn\u00e5s, n\u00e5r fotos og korte tekster interagerer.<\/p><p>Billeder og tekst, fantasi og alvor. Det er balancen mellem disse elementer, der ofte kendetegner b\u00f8gerne.<\/p><p>Alle forlagets b\u00f8ger bliver udgivet som e-b\u00f8ger, men det er ogs\u00e5 muligt at erhverve b\u00f8gerne som fysiske eksemplarer. Nogle b\u00f8ger bliver udgivet p\u00e5 traditionel m\u00e5de, mens andre b\u00f8ger bliver udgivet som print on demand. Den m\u00e5de at udgive b\u00f8ger p\u00e5 sikrer en h\u00f8j grad af kunstnerisk frihed. Forlaget kan udgive b\u00f8ger til et smalt publikum og kan ogs\u00e5 udgive b\u00f8ger, der er beregnet til at klare sig p\u00e5 markedsvilk\u00e5r.<br \/><br \/>Ud over udgivelse af b\u00f8ger, s\u00e5 er det ogs\u00e5 et af forlagets form\u00e5l, at bidrage med opl\u00e6g ud fra de enkelte b\u00f8gers tematik, gerne p\u00e5 en s\u00e5dan m\u00e5de, at opl\u00e6gget bliver skr\u00e6ddersyet til kundens s\u00e6rlige interesser. Skriv gerne en besked under punktet kontakt, s\u00e5 aftaler vi n\u00e6rmere.<\/p>\t\t\t\t\t\t\t\t<\/div>\n\t\t\t\t\t<\/div>\n\t\t\t\t<\/div>\n\t\t\t\t<\/div>\n\t\t","protected":false},"excerpt":{"rendered":"<p>A Good Book er et lille privatejet forlag, der indledningsvis er sat i verden for at udgive egne v\u00e6rker. De b\u00f8ger, der indtil nu er f\u00e6rdiggjorte og de b\u00f8ger, der er p\u00e5 vej, har et stilm\u00e6ssigt f\u00e6lleskende. De er fotob\u00f8ger, der benytter sig af den s\u00e6rlige kvalitet der kan opn\u00e5s, n\u00e5r fotos og korte tekster&hellip;&nbsp;<\/p>\n","protected":false},"author":1,"featured_media":0,"parent":0,"menu_order":0,"comment_status":"closed","ping_status":"closed","template":"page-templates\/template-pagebuilder-full-width.php","meta":{"neve_meta_sidebar":"","neve_meta_container":"","neve_meta_enable_content_width":"","neve_meta_content_width":0,"neve_meta_title_alignment":"","neve_meta_author_avatar":"","neve_post_elements_order":"","neve_meta_disable_header":"","neve_meta_disable_footer":"","neve_meta_disable_title":"","footnotes":""},"class_list":["post-428","page","type-page","status-publish","hentry"],"yoast_head":"<!-- This site is optimized with the Yoast SEO plugin v27.1.1 - https:\/\/yoast.com\/product\/yoast-seo-wordpress\/ -->\n<title>Forlagets grundlag<\/title>\n<meta name=\"description\" content=\"Forlaget A Good Book er etableret med det klare form\u00e5l, at muligg\u00f8re udgivelser af b\u00e5de fotob\u00f8ger med en smal l\u00e6serkreds og fotob\u00f8ger, der kan udgives p\u00e5 markedsvilk\u00e5r. Den kunstneriske frihed er i h\u00f8js\u00e6det. Derfor er forlaget ogs\u00e5 behj\u00e6lpelig med ans\u00f8gninger til fonde.\" \/>\n<meta name=\"robots\" content=\"index, follow, max-snippet:-1, max-image-preview:large, max-video-preview:-1\" \/>\n<link rel=\"canonical\" href=\"https:\/\/agoodbook.dk\/index.php\/om-forlaget\/\" \/>\n<meta property=\"og:locale\" content=\"da_DK\" \/>\n<meta property=\"og:type\" content=\"article\" \/>\n<meta property=\"og:title\" content=\"Forlagets grundlag\" \/>\n<meta property=\"og:description\" content=\"Forlaget A Good Book er etableret med det klare form\u00e5l, at muligg\u00f8re udgivelser af b\u00e5de fotob\u00f8ger med en smal l\u00e6serkreds og fotob\u00f8ger, der kan udgives p\u00e5 markedsvilk\u00e5r. Den kunstneriske frihed er i h\u00f8js\u00e6det. Derfor er forlaget ogs\u00e5 behj\u00e6lpelig med ans\u00f8gninger til fonde.\" \/>\n<meta property=\"og:url\" content=\"https:\/\/agoodbook.dk\/index.php\/om-forlaget\/\" \/>\n<meta property=\"og:site_name\" content=\"Forlaget A Good Book\" \/>\n<meta property=\"article:modified_time\" content=\"2025-12-14T14:47:11+00:00\" \/>\n<meta property=\"og:image\" content=\"https:\/\/agoodbook.dk\/wp-content\/uploads\/2025\/11\/Logo-3.png\" \/>\n<meta name=\"twitter:card\" content=\"summary_large_image\" \/>\n<script type=\"application\/ld+json\" class=\"yoast-schema-graph\">{\"@context\":\"https:\/\/schema.org\",\"@graph\":[{\"@type\":\"WebPage\",\"@id\":\"https:\/\/agoodbook.dk\/index.php\/om-forlaget\/\",\"url\":\"https:\/\/agoodbook.dk\/index.php\/om-forlaget\/\",\"name\":\"Forlagets grundlag\",\"isPartOf\":{\"@id\":\"https:\/\/agoodbook.dk\/#website\"},\"primaryImageOfPage\":{\"@id\":\"https:\/\/agoodbook.dk\/index.php\/om-forlaget\/#primaryimage\"},\"image\":{\"@id\":\"https:\/\/agoodbook.dk\/index.php\/om-forlaget\/#primaryimage\"},\"thumbnailUrl\":\"https:\/\/agoodbook.dk\/wp-content\/uploads\/2025\/11\/Logo-3.png\",\"datePublished\":\"2025-11-12T12:08:24+00:00\",\"dateModified\":\"2025-12-14T14:47:11+00:00\",\"description\":\"Forlaget A Good Book er etableret med det klare form\u00e5l, at muligg\u00f8re udgivelser af b\u00e5de fotob\u00f8ger med en smal l\u00e6serkreds og fotob\u00f8ger, der kan udgives p\u00e5 markedsvilk\u00e5r. Den kunstneriske frihed er i h\u00f8js\u00e6det. Derfor er forlaget ogs\u00e5 behj\u00e6lpelig med ans\u00f8gninger til fonde.\",\"breadcrumb\":{\"@id\":\"https:\/\/agoodbook.dk\/index.php\/om-forlaget\/#breadcrumb\"},\"inLanguage\":\"da-DK\",\"potentialAction\":[{\"@type\":\"ReadAction\",\"target\":[\"https:\/\/agoodbook.dk\/index.php\/om-forlaget\/\"]}]},{\"@type\":\"ImageObject\",\"inLanguage\":\"da-DK\",\"@id\":\"https:\/\/agoodbook.dk\/index.php\/om-forlaget\/#primaryimage\",\"url\":\"https:\/\/agoodbook.dk\/wp-content\/uploads\/2025\/11\/Logo-3.png\",\"contentUrl\":\"https:\/\/agoodbook.dk\/wp-content\/uploads\/2025\/11\/Logo-3.png\"},{\"@type\":\"BreadcrumbList\",\"@id\":\"https:\/\/agoodbook.dk\/index.php\/om-forlaget\/#breadcrumb\",\"itemListElement\":[{\"@type\":\"ListItem\",\"position\":1,\"name\":\"Hjem\",\"item\":\"https:\/\/agoodbook.dk\/\"},{\"@type\":\"ListItem\",\"position\":2,\"name\":\"Om forlaget\"}]},{\"@type\":\"WebSite\",\"@id\":\"https:\/\/agoodbook.dk\/#website\",\"url\":\"https:\/\/agoodbook.dk\/\",\"name\":\"Forlaget A Good Book\",\"description\":\"Om udgivelser p\u00e5 forlaget\",\"publisher\":{\"@id\":\"https:\/\/agoodbook.dk\/#organization\"},\"alternateName\":\"A Good Book\",\"potentialAction\":[{\"@type\":\"SearchAction\",\"target\":{\"@type\":\"EntryPoint\",\"urlTemplate\":\"https:\/\/agoodbook.dk\/?s={search_term_string}\"},\"query-input\":{\"@type\":\"PropertyValueSpecification\",\"valueRequired\":true,\"valueName\":\"search_term_string\"}}],\"inLanguage\":\"da-DK\"},{\"@type\":\"Organization\",\"@id\":\"https:\/\/agoodbook.dk\/#organization\",\"name\":\"Forlaget A Good Book\",\"alternateName\":\"A Good Book\",\"url\":\"https:\/\/agoodbook.dk\/\",\"logo\":{\"@type\":\"ImageObject\",\"inLanguage\":\"da-DK\",\"@id\":\"https:\/\/agoodbook.dk\/#\/schema\/logo\/image\/\",\"url\":\"\",\"contentUrl\":\"\",\"caption\":\"Forlaget A Good Book\"},\"image\":{\"@id\":\"https:\/\/agoodbook.dk\/#\/schema\/logo\/image\/\"},\"sameAs\":[\"https:\/\/www.linkedin.com\/in\/kim-nielsen-ba6aa476\/yoast\"]}]}<\/script>\n<!-- \/ Yoast SEO plugin. -->","yoast_head_json":{"title":"Forlagets grundlag","description":"Forlaget A Good Book er etableret med det klare form\u00e5l, at muligg\u00f8re udgivelser af b\u00e5de fotob\u00f8ger med en smal l\u00e6serkreds og fotob\u00f8ger, der kan udgives p\u00e5 markedsvilk\u00e5r. Den kunstneriske frihed er i h\u00f8js\u00e6det. Derfor er forlaget ogs\u00e5 behj\u00e6lpelig med ans\u00f8gninger til fonde.","robots":{"index":"index","follow":"follow","max-snippet":"max-snippet:-1","max-image-preview":"max-image-preview:large","max-video-preview":"max-video-preview:-1"},"canonical":"https:\/\/agoodbook.dk\/index.php\/om-forlaget\/","og_locale":"da_DK","og_type":"article","og_title":"Forlagets grundlag","og_description":"Forlaget A Good Book er etableret med det klare form\u00e5l, at muligg\u00f8re udgivelser af b\u00e5de fotob\u00f8ger med en smal l\u00e6serkreds og fotob\u00f8ger, der kan udgives p\u00e5 markedsvilk\u00e5r. Den kunstneriske frihed er i h\u00f8js\u00e6det. Derfor er forlaget ogs\u00e5 behj\u00e6lpelig med ans\u00f8gninger til fonde.","og_url":"https:\/\/agoodbook.dk\/index.php\/om-forlaget\/","og_site_name":"Forlaget A Good Book","article_modified_time":"2025-12-14T14:47:11+00:00","og_image":[{"url":"https:\/\/agoodbook.dk\/wp-content\/uploads\/2025\/11\/Logo-3.png","type":"","width":"","height":""}],"twitter_card":"summary_large_image","schema":{"@context":"https:\/\/schema.org","@graph":[{"@type":"WebPage","@id":"https:\/\/agoodbook.dk\/index.php\/om-forlaget\/","url":"https:\/\/agoodbook.dk\/index.php\/om-forlaget\/","name":"Forlagets grundlag","isPartOf":{"@id":"https:\/\/agoodbook.dk\/#website"},"primaryImageOfPage":{"@id":"https:\/\/agoodbook.dk\/index.php\/om-forlaget\/#primaryimage"},"image":{"@id":"https:\/\/agoodbook.dk\/index.php\/om-forlaget\/#primaryimage"},"thumbnailUrl":"https:\/\/agoodbook.dk\/wp-content\/uploads\/2025\/11\/Logo-3.png","datePublished":"2025-11-12T12:08:24+00:00","dateModified":"2025-12-14T14:47:11+00:00","description":"Forlaget A Good Book er etableret med det klare form\u00e5l, at muligg\u00f8re udgivelser af b\u00e5de fotob\u00f8ger med en smal l\u00e6serkreds og fotob\u00f8ger, der kan udgives p\u00e5 markedsvilk\u00e5r. Den kunstneriske frihed er i h\u00f8js\u00e6det. Derfor er forlaget ogs\u00e5 behj\u00e6lpelig med ans\u00f8gninger til fonde.","breadcrumb":{"@id":"https:\/\/agoodbook.dk\/index.php\/om-forlaget\/#breadcrumb"},"inLanguage":"da-DK","potentialAction":[{"@type":"ReadAction","target":["https:\/\/agoodbook.dk\/index.php\/om-forlaget\/"]}]},{"@type":"ImageObject","inLanguage":"da-DK","@id":"https:\/\/agoodbook.dk\/index.php\/om-forlaget\/#primaryimage","url":"https:\/\/agoodbook.dk\/wp-content\/uploads\/2025\/11\/Logo-3.png","contentUrl":"https:\/\/agoodbook.dk\/wp-content\/uploads\/2025\/11\/Logo-3.png"},{"@type":"BreadcrumbList","@id":"https:\/\/agoodbook.dk\/index.php\/om-forlaget\/#breadcrumb","itemListElement":[{"@type":"ListItem","position":1,"name":"Hjem","item":"https:\/\/agoodbook.dk\/"},{"@type":"ListItem","position":2,"name":"Om forlaget"}]},{"@type":"WebSite","@id":"https:\/\/agoodbook.dk\/#website","url":"https:\/\/agoodbook.dk\/","name":"Forlaget A Good Book","description":"Om udgivelser p\u00e5 forlaget","publisher":{"@id":"https:\/\/agoodbook.dk\/#organization"},"alternateName":"A Good Book","potentialAction":[{"@type":"SearchAction","target":{"@type":"EntryPoint","urlTemplate":"https:\/\/agoodbook.dk\/?s={search_term_string}"},"query-input":{"@type":"PropertyValueSpecification","valueRequired":true,"valueName":"search_term_string"}}],"inLanguage":"da-DK"},{"@type":"Organization","@id":"https:\/\/agoodbook.dk\/#organization","name":"Forlaget A Good Book","alternateName":"A Good Book","url":"https:\/\/agoodbook.dk\/","logo":{"@type":"ImageObject","inLanguage":"da-DK","@id":"https:\/\/agoodbook.dk\/#\/schema\/logo\/image\/","url":"","contentUrl":"","caption":"Forlaget A Good Book"},"image":{"@id":"https:\/\/agoodbook.dk\/#\/schema\/logo\/image\/"},"sameAs":["https:\/\/www.linkedin.com\/in\/kim-nielsen-ba6aa476\/yoast"]}]}},"_links":{"self":[{"href":"https:\/\/agoodbook.dk\/index.php\/wp-json\/wp\/v2\/pages\/428","targetHints":{"allow":["GET"]}}],"collection":[{"href":"https:\/\/agoodbook.dk\/index.php\/wp-json\/wp\/v2\/pages"}],"about":[{"href":"https:\/\/agoodbook.dk\/index.php\/wp-json\/wp\/v2\/types\/page"}],"author":[{"embeddable":true,"href":"https:\/\/agoodbook.dk\/index.php\/wp-json\/wp\/v2\/users\/1"}],"replies":[{"embeddable":true,"href":"https:\/\/agoodbook.dk\/index.php\/wp-json\/wp\/v2\/comments?post=428"}],"version-history":[{"count":4,"href":"https:\/\/agoodbook.dk\/index.php\/wp-json\/wp\/v2\/pages\/428\/revisions"}],"predecessor-version":[{"id":533,"href":"https:\/\/agoodbook.dk\/index.php\/wp-json\/wp\/v2\/pages\/428\/revisions\/533"}],"wp:attachment":[{"href":"https:\/\/agoodbook.dk\/index.php\/wp-json\/wp\/v2\/media?parent=428"}],"curies":[{"name":"wp","href":"https:\/\/api.w.org\/{rel}","templated":true}]}}